actors of p.
2, 3, 7, 541
List the prime factors of 3561*(-1353)/(-162) - (-8)/144.
29741
Let b = 3571 - 3603. Suppose 5*k - 620 = -5*t - 210, 0 = 5*k - 4*t - 401. Let g = k + b. What are the prime factors of g?
7
List the prime factors of 1 - (-322222)/18 - 498/2241.
2, 8951
Suppose 13*g + 17874 = 10*g + 62061. List the prime factors of g.
11, 13, 103
List the prime factors of 175/42 + (-25)/(-30) - (-5 - 25779).
17, 37, 41
Let n(j) = 97*j**2 + 12*j + 21. Let g be n(-2). Let q = g - -237. What are the prime factors of q?
2, 311
Suppose -p = -100*l + 96*l + 3449, -l - 3*p = -846. What are the prime factors of l?
3, 7, 41
Suppose -4*i - 24*z + 23*z + 26004 = 0, 3*i = z + 19496. What are the prime factors of i?
2, 5, 13
Let v be (511/14)/((-2)/4). Suppose -g - 2*a + 196 = 0, 3*a + 144 = 2*g - 262. Let t = g + v. What are the prime factors of t?
127
Let x(a) = 17*a**2 + 10*a - 3. Let i(p) = 1 - 25*p**2 - 15*p + 4 + 5 - 6. Let r(t) = -5*i(t) - 7*x(t). List the prime factors of r(-4).
7, 11
Suppose 44 = 3*l + 20. Suppose 4 = -6*m + l*m. Suppose m*g + 2*z = 138, 5*g = 5*z + 356 - 11. List the prime factors of g.
3, 23
Let v(x) = -48*x**3 + x. Let d be v(1). Let y = -40 - d. Suppose -m - 276 = -y*m. List the prime factors of m.
2, 23
Let k(f) = f**2 + 4*f - 6. Suppose 2*b = 3 - 1, j + b = -5. Let w be k(j). Suppose 8*t - w*t = 298. List the prime factors of t.
149
List the prime factors of 161/46*2 - 1*-37925.
2, 3, 29, 109
Suppose -80*z + 44*z + 107352 = 0. What are the prime factors of z?
2, 3, 7, 71
Let m(t) = 662*t + 5*t**2 + 56 - 690*t - 9. What are the prime factors of m(11)?
2, 43
Suppose 29*d + 10*d - 2*d = 222999. What are the prime factors of d?
3, 7, 41
Let o = -25153 + 40247. List the prime factors of o.
2, 7547
Let w be (50/35)/(2/7). Suppose -w*c = -3*v - 535, -2*c + 0*v = 3*v - 193. What are the prime factors of c?
2, 13
Let i(o) = 6*o**2 - o - 8. Let b be i(-3). Let r(s) = 95*s - b*s + 2 - 51*s. What are the prime factors of r(-2)?
2, 3
Let q = 35 + -20. Suppose 2*s + 1 - q = 0. Suppose -2*k + 62 = g, 3*k - 103 = s*g - 6*g. List the prime factors of k.
3, 11
Let y(s) = 11*s**2 - 16*s - 42. Suppose 394 = -36*x + 70. List the prime factors of y(x).
3, 331
Let o(h) = -3*h**3 - 3*h**2 + 2*h + 2. Let l be o(-4). Suppose 5*y + 134*a - 138*a = 86, 0 = a - 1. Let f = l - y. List the prime factors of f.
2, 3, 5
Let i = -84 - -90. List the prime factors of 1045/15 + (4/i)/2.
2, 5, 7
Suppose 0 = -12*n + 6864 + 5064. List the prime factors of 57/(-114) - n/(-4).
2, 31
What are the prime factors of (35874/(-27))/(60/(-1170))?
13, 1993
List the prime factors of 26608/10*(-145)/(-58).
2, 1663
Let q(x) = x**3 - 11*x**2 - 12*x + 5. Let z be q(12). Let i(m) = m**2 + m - 23. Let o be i(z). Suppose o*l = 2*l + 85. What are the prime factors of l?
17
Let p = -36 + 44. Let n = -6 + p. Suppose 2*y + n*y = 64. List the prime factors of y.
2
Suppose -11*q + 14100 = -5*q. Suppose 0 = 12*w - 17*w + q. List the prime factors of w.
2, 5, 47
Let r = -3093 - -23938. What are the prime factors of r?
5, 11, 379
Let j be 2/(-5) + (-4)/(-10). Suppose j = -7*f + 1230 + 1206. List the prime factors of f.
2, 3, 29
Suppose 21 = 3*b, -h - 216*b + 11502 = -211*b. List the prime factors of h.
11467
Suppose 75614 + 25406 = 6*z - z. List the prime factors of z.
2, 5051
Suppose 2*v - 440 = -9*v. Let g = v - 47. Let x(z) = z**3 + 9*z**2 + 9*z + 15. What are the prime factors of x(g)?
2, 5
Suppose 679572 = -656*m + 668*m. List the prime factors of m.
3, 43, 439
Suppose 2*u + r - 11700 = 4*r, 3*r + 5853 = u. List the prime factors of u.
3, 1949
Let x be (-46)/(-10) - 4/(-10). Suppose -79*f + 3408 = -71*f. Suppose r - f = -x*r. List the prime factors of r.
71
Let c = -8 - -13. Suppose -6*q + 3*q - c*a = -13, -5*a + 21 = q. List the prime factors of (2/5)/(q/(-980)).
2, 7
Suppose 5*o = f - 4788, -5*f = -0*f - 4*o - 24045. List the prime factors of f.
4813
Let z(c) be the third derivative of c**5/30 + c**4/6 + 389*c**3/6 - 5*c**2 + 3*c. What are the prime factors of z(0)?
389
Let p(o) = -39*o + 6. Let v be p(1). Let d = v + 51. Let c = -2 + d. What are the prime factors of c?
2
What are the prime factors of ((-153)/(-1))/(((-428)/(-963))/((-1608)/(-9)))?
2, 3, 17, 67
Suppose 945709 = -46*j + 1385282 + 1421679. List the prime factors of j.
2, 20231
Let u = -102 + 172. Let a = u + 5. Suppose -c - 19 = -a. List the prime factors of c.
2, 7
Let w = -50541 + 71834. What are the prime factors of w?
107, 199
Suppose -4*l = 4*m - 24603 + 4603, 0 = -2*l - 3*m + 10002. What are the prime factors of l?
2, 3, 7, 17
Suppose 202*h = 219*h - 55199. List the prime factors of h.
17, 191
Suppose -4*l + 192 = 172. Suppose 11*p - 3*a = 6*p + 1111, l*p + a = 1123. What are the prime factors of p?
2, 7
Let a(s) = 31*s**2 + 13*s + 83. What are the prime factors of a(-6)?
19, 59
Let q(m) = -2*m + 9. Let h be q(4). What are the prime factors of (-30226)/(-68) - ((-1)/2)/h?
5, 89
Suppose -m + t = -3*t - 88, 0 = 4*m + t - 301. Suppose -2*s + 411 = 345. Suppose 4*g + 4*z = 232, -m = -2*g + 5*z + s. What are the prime factors of g?
3, 19
Suppose -a = -5*w - 2759, -2*a + 3*w = -1680 - 3845. Suppose -c - 1360 = -a. What are the prime factors of c?
2, 3, 13
Suppose -5*l - 155363 = -19*l + 142347. What are the prime factors of l?
5, 4253
Let r(m) = 2*m**3 - 249*m**2 + 403*m + 8. List the prime factors of r(124).
2, 41, 211
Let n(w) be the third derivative of -3*w**4/8 + 3*w**3 + w**2. Let m be (4/(-10) - (-15)/(-25))*(8 - 3). What are the prime factors of n(m)?
3, 7
Let o = -707 - -721. Suppose 0 = 11*h - o*h + 2*g + 754, 2*h - g - 501 = 0. What are the prime factors of h?
2, 31
Let y be (-3)/(-18)*38 + (-4)/12. Suppose y = 2*h - 30. List the prime factors of (0 - (-169)/(-4))/(h/(-72)).
13
Let w = -85 - -88. Suppose 4*l + 3505 = 5*n, 0 = -w*n + l - 294 + 2390. What are the prime factors of n?
17, 41
Suppose 3*t = 2*q - 6*q + 34, -4*t + 40 = 4*q. Suppose 2*n + 5*s = 1716, -t*n + 1676 = -4*n - 5*s. What are the prime factors of n?
2, 53
Let l(f) = -6*f - 2. Suppose -2*b + 4*b = -2. Let u be l(b). Suppose 2*p = 3*h - 179, -u*p + 2 = -3*p. List the prime factors of h.
61
Suppose 8267*h - 8260*h - 58975 = 0. What are the prime factors of h?
5, 337
Let p be (762/(-4))/(17/(-34)). Let i = -199 + p. List the prime factors of i.
2, 7, 13
Suppose -1254 = 5*o + 3*h, -5*h + 8*h = 3*o + 762. What are the prime factors of (72/252)/((-2)/(-14)) - o?
2, 127
Let u(o) = 3*o + 33. Let f be u(-7). Suppose 2*d - 12 = -2*t, 5*d - f = -0*d + t. Suppose -d*r + 900 = 6. What are the prime factors of r?
2, 149
What are the prime factors of (5*(-2)/((-40)/4))/(2/33840)?
2, 3, 5, 47
Suppose -2*v = -7*v + 3*j - 223, -5*j = -2*v - 93. Suppose 5*l - 737 = -6*l. Let r = v + l. List the prime factors of r.
23
Suppose -38*g + 24*g + 56 = 0. Suppose 2*y + 5*u - 445 = 0, -g*u = -2*y + 396 + 4. List the prime factors of y.
2, 3, 5, 7
Suppose -49*a + a + 48 = 0. Let m = 0 - 1. List the prime factors of -1*(84 + a/(-1))*m.
83
What are the prime factors of (-9 - (-21)/3) + (5 - (0 + -25768))?
25771
Suppose 298058 = 5*m - 2*h - 81133, 0 = -4*m - 4*h + 303336. What are the prime factors of m?
3, 17, 1487
Let w(z) = 223*z - 111*z + 17 - 111*z. Let i be w(-13). Suppose -i*j + 125 = 1. What are the prime factors of j?
31
Let g be 691*3 - (-1 - 2). Let f be 3/(-2) + g/(-24). What are the prime factors of 3/3 - 5 - f?
2, 3, 7
Suppose 4*k = 5*p - 242, -296 = k + 4*k - 3*p. Suppose 0 = -3*u + l + 55, 4*u + 2*l + 39 = 109. What are the prime factors of (-1)/((-3)/k*(-4)/u)?
3, 29
Let w(y) = -211*y**3 + 2*y**2 + 6*y + 2. Let u be w(-2). Suppose 0 = 2*g - u - 556. Suppose v = 3*v + t - 455, -g = -5*v + 3*t. What are the prime factors of v?
2, 113
Suppose 0 = -5*m + 240 - 2165. Let p = -246 - m. List the prime factors of p.
139
Suppose -94 = -5*s + 496. Suppose 4*c + s = -5*x, -x + 2*c = -c + 16. Let f = 57 - x. What are the prime factors of f?
79
Let o(p) = -6 + 522*p - 528*p + 2. List the prime factors of o(-9).
2, 5
Let m(j) = j**3 + 39*j**2 + 73*j + 41. Let q be m(-37). Let y(w) = w**2 + 8. Let u be y(-10). Let d = u - q. What are the prime factors of d?
2, 3, 5
Let p be (-19)/((-2)/((-6)/(-3))). Suppose 6*g + p = 4*j + 5*g, 4*g - 20 = 0. What are the prime f